{"id":236,"date":"2012-05-10T16:26:14","date_gmt":"2012-05-10T16:26:14","guid":{"rendered":"http:\/\/www.alterweb.de\/?page_id=236"},"modified":"2014-09-06T07:42:01","modified_gmt":"2014-09-06T07:42:01","slug":"fau-iaa-freie-arbeiter-und-arbeiterinnen-union","status":"publish","type":"page","link":"https:\/\/www.alterweb.de\/?page_id=236","title":{"rendered":"FAU-IAA &#8211; Freie Arbeiter und Arbeiterinnen Union"},"content":{"rendered":"<p align=\"right\"><img loading=\"lazy\" decoding=\"async\" class=\"alignleft\" title=\"\" src=\"http:\/\/www.fau.org\/box_left\/leftbox_030207181443\/box_bild\" alt=\"\" width=\"140\" height=\"21\" \/><\/p>\n<p style=\"text-align: left;\"><span style=\"font-family: verdana,geneva; font-size: small; color: #000000;\">Die FAU ist eine anarcho-syndikalistische Gewerkschaftsf\u00f6deration, die aus lokalen Syndikaten und Gruppen besteht. Wo es welche gibt, erf\u00e4hrst du im Verzeichnis <a href=\"http:\/\/www.fau.org\/ortsgruppen\/\" target=\"_blank\"><span style=\"color: #000000;\">vor Ort<\/span><\/a> oder <a href=\"http:\/\/www.fau.org\/syndikate\/\" target=\"_blank\"><span style=\"color: #000000;\">im Betrieb<\/span><\/a>.<\/span><br \/> <span style=\"font-family: verdana,geneva; font-size: small; color: #000000;\"> Infos wie Du bei uns mitmachen kannst, findest Du in unseren <a href=\"http:\/\/www.fau.org\/ueber_uns\/statuten-25-08-2008.pdf\" target=\"_blank\"><span style=\"color: #000000;\">Statuten<\/span><\/a> und bei <a href=\"http:\/\/www.fau.org\/ueber_uns\/art_020806-161032\" target=\"_blank\"><span style=\"color: #000000;\"><strong>\u00dcber uns<\/strong><\/span><\/a><\/span><\/p>\n<h2 style=\"text-align: left;\"><span style=\"font-family: verdana,geneva; font-size: small; color: #000000;\">It\u00b4s time to Organize!<\/span><\/h2>\n<p style=\"text-align: left;\"><span style=\"font-family: verdana,geneva; font-size: small; color: #000000;\"><strong>Wie kann ich Mitglied werden?<\/strong><\/span><\/p>\n<p style=\"text-align: left;\"><span style=\"font-family: verdana,geneva; font-size: small; color: #000000;\">Hier findest du die wichtigsten Informationen, um bei der FAU Mitglied zu werden. Die FAU ist eine anarcho-syndikalistische Gewerkschaftsf\u00f6deration. Sie basiert auf lokalen basisdemokratischen Gewerkschaften (=Syndikaten), die sich bundesweit in der FAU zusammengeschlossen haben.<\/span><\/p>\n<p style=\"text-align: left;\"><span style=\"font-family: verdana,geneva; font-size: small; color: #000000;\"><strong>Voraussetzungen der Mitgliedschaft<\/strong><\/span><\/p>\n<table class=\" alignleft\" style=\"width: 95%;\" border=\"0\" cellspacing=\"0\" cellpadding=\"15\">\n<tbody>\n<tr>\n<td>\n<ul>\n<li><span style=\"font-family: verdana,geneva; font-size: small; color: #000000;\">Du bist Arbeiter, Arbeiterin, angestellt, freiberuflich, erwerbslos, gehst zur Schule oder studierst und machst keinen Job, in dem Du andere Menschen einstellst oder feuerst (bist also kein Arbeitgeber oder Arbeitgeberin).<\/span><\/li>\n<li><span style=\"font-family: verdana,geneva; font-size: small; color: #000000;\">Du arbeitest nicht bei staatlichen Repressionsorganen.<\/span><\/li>\n<li><span style=\"font-family: verdana,geneva; font-size: small; color: #000000;\">Du hast die Statuten \u00fcber die innere Organisation gelesen und kannst den anarchosyndikalistischen Grundprinzipien zustimmen.<\/span><\/li>\n<\/ul>\n<p><span style=\"font-family: verdana,geneva; font-size: small; color: #000000;\"><strong>Wie und wo kann ich denn eintreten?<\/strong><\/span><\/p>\n<p><span style=\"font-family: verdana,geneva; font-size: small; color: #000000;\">Bitte nimm zur n\u00e4chstgelegenen <a href=\"http:\/\/www.fau.org\/ortsgruppen\/\" target=\"_blank\"><span style=\"color: #000000;\">lokalen Gewerkschaft<\/span><\/a> Kontakt auf (die FAU selbst ist eine F\u00f6deration unabh\u00e4ngiger Gewerkschaften). Mitglied kannst du in den Gewerkschaften vor Ort werden.<\/span><\/p>\n<p><span style=\"font-family: verdana,geneva; font-size: small; color: #000000;\"><strong>In meiner Stadt gibt es noch keine FAU-Gewerkschaft! Was nun?<\/strong><\/span><\/p>\n<ul>\n<li><span style=\"font-family: verdana,geneva; font-size: small; color: #000000;\">Dann gr\u00fcnde doch selbst eine!<\/span><\/li>\n<li><span style=\"font-family: verdana,geneva; font-size: small; color: #000000;\">Syndikate k\u00f6nnen beim Regionaltreffen beitreten.<\/span><\/li>\n<li><span style=\"font-family: verdana,geneva; font-size: small; color: #000000;\">Bist Du noch allein oder seid Ihr zu zweit, dann k\u00f6nnt Ihr bei der n\u00e4chstgelegenen FAU-Gewerkschaft beitreten.<\/span><\/li>\n<\/ul>\n<p><span style=\"font-family: verdana,geneva; font-size: small; color: #000000;\"><strong>Wie siehts denn finanziell aus? Wie hoch ist denn der monatliche Beitrag?<\/strong><\/span><\/p>\n<p><span style=\"font-family: verdana,geneva; font-size: small; color: #000000;\">Der Mindestbeitrag betr\u00e4gt 7 Euro im Monat bzw. 6 Euro im Osten, in manchen Syndikaten 1% vom Nettolohn. Dies wird, wie viele andere Dinge auch, lokal geregelt.<\/span><\/p>\n<p><span style=\"font-family: verdana,geneva; font-size: small; color: #000000;\"><strong>Ich habe noch weitere Fragen!<\/strong><\/span><\/p>\n<p><span style=\"font-family: verdana,geneva; font-size: small; color: #000000;\">F\u00fcr weitere Fragen, n\u00e4here Informationen, Unterst\u00fctzung vor Ort sowie Termine der Regionaltreffen wendest Du Dich am besten an die <a href=\"http:\/\/www.fau.org\/ortsgruppen\/\" target=\"_blank\"><span style=\"color: #000000;\">n\u00e4chstgelegene FAU<\/span><\/a> oder an die Gesch\u00e4ftskommission: geko(a)fau.org.<\/span><\/p>\n<\/td>\n<\/tr>\n<\/tbody>\n<\/table>\n<h3 style=\"text-align: left;\"><span style=\"font-family: verdana,geneva; font-size: small; color: #000000;\"><a href=\"http:\/\/www.fau.org\/ortsgruppen\/art_030809-141508\" target=\"_blank\"><span style=\"color: #000000;\">FAU-Gewerkschaften &#8211; Lokalf\u00f6derationen und Syndikate<\/span><\/a><\/span><\/h3>\n<p style=\"text-align: left;\"><span style=\"font-family: verdana,geneva; font-size: small; color: #000000;\">Interessierte, die in die FAU eintreten m\u00f6chten, finden die n\u00f6tigen Informationen unter&#8230;<\/span><\/p>\n<p style=\"text-align: left;\"><span style=\"font-family: verdana,geneva; font-size: small; color: #000000;\"><strong><a href=\"http:\/\/www.fau.org\/ueber_uns\/art_020806-161032\" target=\"_blank\"><span style=\"color: #000000;\">It&#8217;s time to organize!<\/span><\/a><\/strong><\/span><\/p>\n<p style=\"text-align: left;\"><span style=\"font-family: verdana,geneva; font-size: small; color: #000000;\">Auf dieser Seite findet ihr eine Liste der lokalen und regionalen Kontaktadressen. Bei Interesse oder Fragen wendet euch bitte an die FAU-Gruppe vor Ort. Falls es in eurer N\u00e4he keine solche gibt, wendet euch an die&#8230;<\/span><\/p>\n<p style=\"text-align: left;\"><span style=\"font-family: verdana,geneva; font-size: small; color: #000000;\"><strong>Gesch\u00e4ftskommission<\/strong><\/span><br \/> <span style=\"font-family: verdana,geneva; font-size: small; color: #000000;\"> Frankfurt a.M. \u2022 geko(a)fau.org<\/span><\/p>\n<p style=\"text-align: left;\"><span style=\"font-family: verdana,geneva; font-size: small; color: #000000;\"><strong>Regionalkoordinationen<\/strong><\/span><br \/> <span style=\"font-family: verdana,geneva; font-size: small; color: #000000;\"> im Norden: \u2022 reko-nord(a)fau.org<\/span><br \/> <span style=\"font-family: verdana,geneva; font-size: small; color: #000000;\"> im S\u00fcden: \u2022 reko-sued(a)fau.org<\/span><br \/> <span style=\"font-family: verdana,geneva; font-size: small; color: #000000;\"> im Osten: \u2022 reko-ost(a)fau.org<\/span><br \/> <span style=\"font-family: verdana,geneva; font-size: small; color: #000000;\"> im Westen: \u2022 reko-west(a)fau.org<\/span><\/p>\n<p style=\"text-align: left;\"><span style=\"font-family: verdana,geneva; font-size: small; color: #000000;\"><strong>Die Freie Arbeiterinnen und Arbeiter-Union vor Ort<\/strong><\/span><br \/> <span style=\"font-family: verdana,geneva; font-size: small; color: #000000;\"> geordnet nach Bun<\/span><span style=\"font-family: verdana,geneva; font-size: small; color: #000000;\">desl\u00e4ndern<\/span><\/p>\n<div id=\"newsrechts\" style=\"text-align: justify;\">\n<h3 style=\"text-align: left;\"><span style=\"font-family: verdana,geneva; font-size: small; color: #000000;\"><a href=\"http:\/\/www.fau.org\/syndikate\/art_030809-141142\" target=\"_blank\"><span style=\"color: #000000;\">Seiten von FAU Gewerkschaftsgruppen und Syndikaten<\/span><\/a><\/span><\/h3>\n<h3 style=\"text-align: left;\"><span style=\"font-family: verdana,geneva; font-size: small; color: #000000;\"><img loading=\"lazy\" decoding=\"async\" title=\"FAU-IAA\" src=\"http:\/\/www.fau.org\/syndikate\/art_030809-141142\/bild\" alt=\"\" width=\"200\" height=\"151\" \/><\/span> <\/h3>\n<p style=\"text-align: left;\"><span style=\"font-family: verdana,geneva; font-size: small; color: #000000;\">Die FA<\/span><span style=\"font-family: verdana,geneva; font-size: small; color: #000000;\">U i<\/span><span style=\"font-family: verdana,geneva; font-size: small; color: #000000;\">st in Lokalen- und Branchengruppen organisiert. In den Bereichen Bildung, Informationstechnologie, Kultur, Tiermedizin und Gesundheit gibt es Branchensyndikate, deren Seiten hier verlinkt sind. Besch\u00e4ftigte aus den \u00fcbrigen Branchen schlie\u00dfen sich derzeit in Allgemeinen Syndikaten bzw. Vereinigungen aller Berufe\/Branchen (VAB) zusammen.<\/span><\/p>\n<p style=\"text-align: left;\"><span style=\"font-family: verdana,geneva; font-size: small; color: #000000;\">F\u00fcr Interessierte, die in die FAU eintreten m\u00f6chten, gibt es weitere Informationen <strong><a href=\"http:\/\/www.fau.org\/ueber_uns\/art_020806-161032\"><span style=\"color: #000000;\">hier<\/span><\/a><\/strong>.<\/span><\/p>\n<\/div>\n<hr title=\"Die Welt der Linken\" size=\"3\" width=\"100%\" \/>\n","protected":false},"excerpt":{"rendered":"<p>Die FAU ist eine anarcho-syndikalistische Gewerkschaftsf\u00f6deration, die aus lokalen Syndikaten und Gruppen besteht. Wo es welche gibt, erf\u00e4hrst du im Verzeichnis vor Ort oder im Betrieb. Infos wie Du bei uns mitmachen kannst, findest Du in unseren Statuten und bei \u00dcber uns It\u00b4s time to Organize! Wie kann ich Mitglied werden? Hier findest du die &hellip; <a href=\"https:\/\/www.alterweb.de\/?page_id=236\" class=\"more-link\"><span class=\"screen-reader-text\">FAU-IAA &#8211; Freie Arbeiter und Arbeiterinnen Union<\/span> weiterlesen <span class=\"meta-nav\">&rarr;<\/span><\/a><\/p>\n","protected":false},"author":1,"featured_media":0,"parent":0,"menu_order":3,"comment_status":"open","ping_status":"open","template":"sidebar-page.php","meta":{"footnotes":""},"class_list":["post-236","page","type-page","status-publish","hentry"],"_links":{"self":[{"href":"https:\/\/www.alterweb.de\/index.php?rest_route=\/wp\/v2\/pages\/236","targetHints":{"allow":["GET"]}}],"collection":[{"href":"https:\/\/www.alterweb.de\/index.php?rest_route=\/wp\/v2\/pages"}],"about":[{"href":"https:\/\/www.alterweb.de\/index.php?rest_route=\/wp\/v2\/types\/page"}],"author":[{"embeddable":true,"href":"https:\/\/www.alterweb.de\/index.php?rest_route=\/wp\/v2\/users\/1"}],"replies":[{"embeddable":true,"href":"https:\/\/www.alterweb.de\/index.php?rest_route=%2Fwp%2Fv2%2Fcomments&post=236"}],"version-history":[{"count":27,"href":"https:\/\/www.alterweb.de\/index.php?rest_route=\/wp\/v2\/pages\/236\/revisions"}],"predecessor-version":[{"id":825,"href":"https:\/\/www.alterweb.de\/index.php?rest_route=\/wp\/v2\/pages\/236\/revisions\/825"}],"wp:attachment":[{"href":"https:\/\/www.alterweb.de\/index.php?rest_route=%2Fwp%2Fv2%2Fmedia&parent=236"}],"curies":[{"name":"wp","href":"https:\/\/api.w.org\/{rel}","templated":true}]}}